 2*l**2 + 3*l - 3. Let n be w(-4). Let z = -11 - -7. Let q = z + n. Calculate the highest common factor of 13 and q.
13
Let w be ((-18)/15)/(3/(-10)). Suppose 0 = 2*a + 2*a - w*c - 80, 0 = -4*a - 3*c + 45. Let n be 0 + -1 + 0 + a. What is the greatest common divisor of 56 and n?
14
Let m = 107 + -30. What is the greatest common factor of 11 and m?
11
Suppose 13 = 4*g + 1. Let o = 24 + -12. What is the highest common factor of o and g?
3
Let j be (-2 - -3)/((-4)/(-144)). Calculate the greatest common divisor of j and 9.
9
Let x(i) = -9*i - 8. Let j be x(-8). Calculate the highest common divisor of 16 and j.
16
Let j be 0 + -3 - (-43 - 4). What is the greatest common factor of 484 and j?
44
Suppose 3*m - 156 = f - 32, -5*m + 188 = 3*f. Suppose 5*q - q = m. What is the highest common factor of 40 and q?
10
Let u = -20 + 23. Let n be (2 - 3) + (4 - 2). Calculate the highest common divisor of u and n.
1
Let n be 2 + (4 + 10)*1. What is the greatest common divisor of 40 and n?
8
Suppose -16 = -a + 5*a. Let f = -4 - a. Suppose f = 3*p - t - 15 - 55, -2*t = -4. What is the greatest common factor of 6 and p?
6
Suppose 2*b + 136 = 3*s - 0*b, -5*b = -4*s + 193. What is the highest common factor of s and 6?
6
Suppose 36*q - 37*q + 44 = 0. Let s(y) = -10*y + 2. Let k be s(-2). What is the highest common divisor of k and q?
22
Suppose 2*n + 3*n - 4*r = 277, 4*n - 227 = 5*r. Let w = n + -21. Suppose -8*h = -4*h - w. What is the highest common factor of 8 and h?
8
Suppose 99 = 3*d - 0*d. Let v be (-2)/(-8) + (-27)/(-4). Suppose v + 4 = m. Calculate the highest common divisor of m and d.
11
Suppose 2*z - 21 = 35. Suppose -3*v + 169 = -4*l - 0*v, -5*l - 3*v - 245 = 0. Let d = 88 + l. Calculate the highest common factor of z and d.
14
Suppose 3*g = -z + 764, 0 = g - 4*z - z - 244. Suppose 0 = 4*p - 782 + g. What is the greatest common factor of p and 12?
12
Let v = 126 - 78. Suppose 4*i + 4*t - 108 + 28 = 0, 3*i - 2*t - 40 = 0. Calculate the greatest common factor of v and i.
16
Suppose -4*t = -10 - 2. Suppose -2*s - t*s = -110. What is the greatest common factor of s and 198?
22
Let a be 4 + 6 - (-4)/(-2). Let f = 10 + a. What is the highest common factor of f and 12?
6
Suppose 8*a = 5*a + 6. What is the highest common factor of a and 1?
1
Let t(f) = 6*f + 3. Let q(o) = 5*o + 4. Let j(c) = -3*q(c) + 4*t(c). Let s be j(8). What is the highest common divisor of s and 8?
8
Suppose 7*f + 3*f = 300. Calculate the greatest common divisor of f and 6.
6
Let w(k) = k + 27. Let a be w(-11). Calculate the greatest common factor of a and 128.
16
Let g be 2 - (6/2 - 3). Let u(h) = 29*h - 3. Let t be u(g). What is the highest common factor of t and 22?
11
Let s(l) = 4*l - 3. Let h be s(6). Let r be -1 - 2/((-2)/2). Suppose -4*k - r = -13. What is the greatest common divisor of k and h?
3
Suppose 4*l = 0, -5*d = 4*l - 3096 - 1659. Suppose -5*w = -3*v - d, -4*w = -v + 299 - 1057. What is the greatest common divisor of 27 and w?
27
Let l be 1/(-3)*-3*6. Let h = l - 3. Suppose -2*p - h*p = -30. Calculate the highest common divisor of 54 and p.
6
Let x be 4 + (-4)/(12/(-417)). What is the highest common divisor of 11 and x?
11
Suppose 5*n + 53 = 4*o, -o + 6*o - 57 = -3*n. What is the greatest common factor of o and 60?
12
Suppose 5*i - 31 - 20 = -2*o, -18 = -o - 4*i. What is the highest common factor of o and 57?
19
Let s = 80 - 28. Suppose -2*x = -5*x - 3, -56 = -2*c + 2*x. Let z = s - c. Calculate the greatest common divisor of z and 5.
5
Let u = 6 + -4. Suppose 2*q = 5*z - 5, -z - z + u = -q. Calculate the greatest common factor of z and 8.
1
Let a = 15 - 37. Let d = a - -62. What is the greatest common factor of d and 5?
5
Let b(j) = j**2 - 3*j - 4. Let f be b(6). Calculate the greatest common divisor of f and 112.
14
Let m(h) = h**3 - h**2 - 4*h + 2. Let i be m(3). Suppose 5*j + 399 = i*j. Calculate the highest common factor of j and 19.
19
Let o be 1694/105 - 6/45. What is the highest common divisor of o and 48?
16
Let i be (2/(-6))/(4/(-156)). Suppose -24 = 5*f - 4*n - 288, -4*f + 2*n = -210. Calculate the greatest common divisor of f and i.
13
Let j = 23 - 6. Let x = -50 + 84. What is the highest common factor of j and x?
17
Let l(i) = i**2 - 2*i + 3. Let d be l(5). Suppose -6 = 5*g - 21. What is the greatest common divisor of d and g?
3
Suppose -9 = -v + 27. Suppose 3*q = 4*o + 35, 5*q - 9 - 20 = 3*o. Let x = 12 + o. What is the highest common factor of v and x?
4
Let y(k) be the first derivative of -4*k + 4*k**2 + 2/3*k**3 - 1. Let n be y(-6). What is the highest common factor of 10 and n?
10
Let d(p) = -p**2 - 9*p + 4. Let s be d(-9). What is the greatest common factor of s and 32?
4
Let s = 47 - 31. What is the highest common divisor of s and 128?
16
Suppose -3*i - 132 = -3*c, c + 7*i - 3*i = 49. Let b = 9 + -1. Let s = b - -1. Calculate the greatest common divisor of c and s.
9
Let o(a) be the first derivative of -a**4/4 - 8*a**3/3 - 2*a**2 - a + 3. Let n be o(-8). Suppose n + 119 = 3*h. What is the highest common factor of h and 20?
10
Let d be 752/6 - -1*8/12. Let n be 1/1*3*-1. Let b = 21 + n. Calculate the highest common factor of b and d.
18
Suppose -2*g + 10 = -g. Let k = 31 + -21. Calculate the greatest common divisor of g and k.
10
Suppose 0 = 5*n - 18 - 2. What is the greatest common divisor of 28 and n?
4
Let o(p) = 2*p**2 + 3*p - 7. Let h be o(-5). Calculate the greatest common divisor of 14 and h.
14
Let g(i) be the first derivative of i**4/4 + i**2/2 - i + 2. Let h be g(1). Let x be (-22)/8*(-2 - 2). Calculate the highest common factor of h and x.
1
Let y be (-1 + 2)*10/(-5). Let u be 2*(-1)/y*15. What is the highest common factor of 30 and u?
15
Let l(u) = -u**2 - u + 4. Let y be l(-5). Let t = 25 + y. Suppose -3*q + 45 = 2*q. What is the greatest common divisor of q and t?
9
Let a(g) = 2*g**2 - 9*g - 11. Let n be a(7). Calculate the greatest common divisor of n and 3.
3
Let f(d) be the first derivative of d**3/3 - 2*d + 1. Let i be f(-3). Calculate the highest common factor of i and 63.
7
Let i(y) = y**2 - y - 1. Let b be i(0). Let x be (6/(-3) + -2)*b. What is the highest common factor of x and 6?
2
Let i be 108/26 + 4/(-26). Suppose 5*j = -10, i*v + 2*j - 236 = -v. Calculate the greatest common divisor of v and 32.
16
Let b(g) = -6*g - 10. Let c be b(-7). Calculate the highest common factor of 416 and c.
32
Let q = 62 + -39. Let v = -10 + q. What is the highest common divisor of v and 91?
13
Let c = 0 + 0. Suppose 4*i = -o + 49 - 19, c = 4*o + 3*i - 55. Calculate the greatest common factor of 20 and o.
10
Suppose -5*x + 280 - 100 = 0. Let g be 6/((-7)/((-21)/2)). What is the highest common divisor of x and g?
9
Let u(y) = y. Let h be u(5). Suppose -r + h*r = 8. Calculate the greatest common factor of 18 and r.
2
Let c = -2 - -6. Let i = -29 - -33. Calculate the highest common factor of c and i.
4
Let r(c) = -c**2 - c + 42. Let d be r(0). Calculate the greatest common divisor of d and 6.
6
Let r(p) = 23*p + 11. Let i be r(2). Let z be (-1)/4 + (-258)/(-8). Suppose 25 = x - 3*y, -3*x + 3*y + z = -31. What is the greatest common divisor of x and i?
19
Suppose 13*f = 4*f + 18. Calculate the greatest common factor of f and 6.
2
Let p be 0*(3 - 14/4). Suppose u - 3 = -p*u. Calculate the highest common divisor of u and 3.
3
Let x be (-8)/(-14) + (-1536)/(-7). What is the greatest common factor of x and 20?
20
Let a be 8/((-16)/(-4)) - 0. What is the highest common factor of a and 14?
2
Suppose 0 = 3*s - s. Let d(q) = -q + 96. Let w be d(s). Let a(j) = 11*j + 1. Let b be a(1). Calculate the greatest common divisor of b and w.
12
Let o(d) = d**3 + 4*d**2 + 1. Let p be o(-2). Let z = -4 + 58. Let g be 56/p - 12/z. Calculate the greatest common factor of 9 and g.
3
Suppose -5*u = -3*d + d - 205, 4*u - 3*d = 164. What is the highest common divisor of u and 41?
41
Let x(s) = s**2 + 3*s - 5. Let z be x(-8). Let t = 53 - z. What is the greatest common divisor of 162 and t?
18
Let p(y) = 36*y + 27. Let i be p(4). What is the highest common factor of i and 19?
19
Suppose -2 = 2*d - 4. Let l be 18/(-6) + 5/1. What is the highest common factor of d and l?
1
Let u = 10 + -8. Let i be ((-8)/(-10))/((-6)/(-15)). Suppose i*m = u*r - 3 - 7, r - 1 = 2*m. Calculate the h